{"id":6138,"date":"2021-10-04T11:49:03","date_gmt":"2021-10-04T16:49:03","guid":{"rendered":"https:\/\/www.prospectiva.com.mx\/?page_id=6138"},"modified":"2023-08-17T15:42:01","modified_gmt":"2023-08-17T21:42:01","slug":"elementor-6138","status":"publish","type":"page","link":"https:\/\/www.prospectiva.com.mx\/?page_id=6138","title":{"rendered":"Pol\u00edtica de Privacidad M\u00e9xico"},"content":{"rendered":"\t\t<div data-elementor-type=\"wp-page\" data-elementor-id=\"6138\" class=\"elementor elementor-6138\" data-elementor-post-type=\"page\">\n\t\t\t\t\t\t<section class=\"elementor-section elementor-top-section elementor-element elementor-element-34220073 elementor-section-content-middle elementor-section-boxed elementor-section-height-default elementor-section-height-default\" data-id=\"34220073\" data-element_type=\"section\" data-e-type=\"section\" data-settings=\"{&quot;background_background&quot;:&quot;classic&quot;}\">\n\t\t\t\t\t\t<div class=\"elementor-container elementor-column-gap-no\">\n\t\t\t\t\t<div class=\"elementor-column elementor-col-50 elementor-top-column elementor-element elementor-element-fb5ef2b\" data-id=\"fb5ef2b\" data-element_type=\"column\" data-e-type=\"column\">\n\t\t\t<div class=\"elementor-widget-wrap elementor-element-populated\">\n\t\t\t\t\t\t<div class=\"elementor-element elementor-element-37eb86f3 elementor-widget-divider--view-line elementor-widget elementor-widget-divider\" data-id=\"37eb86f3\" data-element_type=\"widget\" data-e-type=\"widget\" data-widget_type=\"divider.default\">\n\t\t\t\t<div class=\"elementor-widget-container\">\n\t\t\t\t\t\t\t<div class=\"elementor-divider\">\n\t\t\t<span class=\"elementor-divider-separator\">\n\t\t\t\t\t\t<\/span>\n\t\t<\/div>\n\t\t\t\t\t\t<\/div>\n\t\t\t\t<\/div>\n\t\t\t\t\t<\/div>\n\t\t<\/div>\n\t\t\t\t<div class=\"elementor-column elementor-col-50 elementor-top-column elementor-element elementor-element-795e9a1d\" data-id=\"795e9a1d\" data-element_type=\"column\" data-e-type=\"column\">\n\t\t\t<div class=\"elementor-widget-wrap elementor-element-populated\">\n\t\t\t\t\t\t<div class=\"elementor-element elementor-element-73829ff2 elementor-widget elementor-widget-heading\" data-id=\"73829ff2\" data-element_type=\"widget\" data-e-type=\"widget\" data-widget_type=\"heading.default\">\n\t\t\t\t<div class=\"elementor-widget-container\">\n\t\t\t\t\t<h5 class=\"elementor-heading-title elementor-size-default\">Prospectiva en Tecnolog\u00eda  <\/h5>\t\t\t\t<\/div>\n\t\t\t\t<\/div>\n\t\t\t\t<div class=\"elementor-element elementor-element-33b645a2 elementor-widget elementor-widget-heading\" data-id=\"33b645a2\" data-element_type=\"widget\" data-e-type=\"widget\" data-widget_type=\"heading.default\">\n\t\t\t\t<div class=\"elementor-widget-container\">\n\t\t\t\t\t<h4 class=\"elementor-heading-title elementor-size-default\">AVISO DE PRIVACIDAD INTEGRAL<\/h4>\t\t\t\t<\/div>\n\t\t\t\t<\/div>\n\t\t\t\t<div class=\"elementor-element elementor-element-44ff2ee1 elementor-widget elementor-widget-text-editor\" data-id=\"44ff2ee1\" data-element_type=\"widget\" data-e-type=\"widget\" data-widget_type=\"text-editor.default\">\n\t\t\t\t<div class=\"elementor-widget-container\">\n\t\t\t\t\t\t\t\t\t<p><strong>Prospectiva en Tecnolog\u00eda e Integradora de Sistemas, S.A. de C.V.,<\/strong>\u00a0<strong>(el Responsable)\u00a0<\/strong>se compromete con la protecci\u00f3n de sus Datos Personales asumiendo la responsabilidad del uso, manejo, almacenamiento y confidencialidad de la informaci\u00f3n de acuerdo a lo establecido en la\u00a0<strong>Ley Federal de Protecci\u00f3n de Datos Personales en Posesi\u00f3n de los Particulares\u00a0<\/strong>(<strong>en adelante LFPDPPP<\/strong>) y con el fin de darle a conocer la informaci\u00f3n relativa a las caracter\u00edsticas principales del tratamiento al que ser\u00e1n sometidos sus Datos Personales, emite el presente\u00a0<strong>Aviso de Privacidad,\u00a0<\/strong>mismo que se pone a disposici\u00f3n de cualquier persona\u00a0<strong>(el Titular)<\/strong>\u00a0respecto de la cual recabe Datos Personales a trav\u00e9s de los diversos canales que en adelante se enunciaran.<\/p><p>El<strong>\u00a0Responsable<\/strong>\u00a0manifiesta que cuenta con las medidas de seguridad administrativas, f\u00edsicas y t\u00e9cnicas necesarias para garantizar la protecci\u00f3n de los Datos Personales del\u00a0<strong>Titular<\/strong>\u00a0contra cualquier vulneraci\u00f3n en la seguridad y privacidad de los mismos<\/p><p><strong>La informaci\u00f3n personal proporcionada por el Titular ser\u00e1 utilizada por el Responsable para las siguientes finalidades:<\/strong><\/p><ul><li>El cumplimiento de la relaci\u00f3n contractual derivada de la solicitud y\/o contrataci\u00f3n de nuestros productos o servicios;<\/li><li>Verificar, confirmar y validar su identidad;<\/li><li>Administrar, operar y dar seguimiento a los servicios y productos que solicita o contrata con nosotros.<\/li><li>Elaboraci\u00f3n de encuestas.<\/li><\/ul><p><strong>De forma adicional, el Titular utiliza su informaci\u00f3n para:<\/strong><\/p><ul><li>Comercializar productos y servicios del Titular.<\/li><li>Env\u00edo de ofertas, promociones y publicidad de nuestros productos y servicios.<\/li><li>Elaborar perfiles de clientes para el ofrecimiento de productos y servicios nuevos del\u00a0<strong>Titular<\/strong>.<\/li><\/ul><p>Si bien estas finalidades no son necesarias para la prestaci\u00f3n de los servicios y productos que solicita o contrata con nosotros, las mismas nos permiten brindarle un mejor servicio y elevar la calidad.<\/p><p><strong>Para el cumplimiento de las finalidades previamente establecidas, el Titular da tratamiento a los siguientes Datos Personales de Personas F\u00edsicas y Personas Morales seg\u00fan corresponda:<\/strong><\/p><ol><li>Datos de identificaci\u00f3n.<\/li><li>Datos de Contacto.<\/li><li>Datos Patrimoniales<\/li><li>Datos Financieros.<\/li><li>Datos Laborales.<\/li><li>Datos Acad\u00e9micos.<\/li><li>Datos Migratorios.<\/li><li>Logotipos.<\/li><\/ol><p><strong>Adicionalmente se da tratamiento a los siguientes Datos Sensibles:<\/strong><\/p><ol><li>Datos biom\u00e9tricos.<\/li><li>Datos de menores de edad.<\/li><li>Datos de personas con capacidades diferentes.<\/li><\/ol><p><strong>Derechos ARCO<\/strong><\/p><p>Usted tiene derecho a conocer qu\u00e9 datos personales tenemos de usted, para qu\u00e9 los utilizamos y las condiciones del uso que les damos (Acceso), es su derecho solicitar la correcci\u00f3n de su informaci\u00f3n personal en caso de que est\u00e9 desactualizada, inexacta o incompleta (Rectificaci\u00f3n), que la eliminemos de nuestros registros o bases de datos cuando considere que la misma no est\u00e1 utilizada adecuadamente (Cancelaci\u00f3n), as\u00ed como de oponerse al uso de sus daos personales para fines espec\u00edficos (Oposici\u00f3n). Estos derechos se conocen como derechos ARCO.<\/p><p>El procedimiento para ejercer los derechos ARCO es el que se describir\u00e1 en los p\u00e1rrafos subsecuentes.<\/p><p><strong>Opciones y medios que el Titular ofrece para limitar el uso o divulgaci\u00f3n de sus Datos Personales:<\/strong><\/p><ul><li>El\u00a0<strong>Titular<\/strong>\u00a0deber\u00e1 presentar la solicitud respectiva, la cual deber\u00e1 contener nombre o raz\u00f3n social, seg\u00fan corresponda, y domicilio del\u00a0<strong>Titular<\/strong>; documento que acredite la identidad del\u00a0<strong>Titular<\/strong>\u00a0o los documentos que acrediten la representaci\u00f3n del mismo; una descripci\u00f3n clara y precisa de los datos personales respecto de los cuales busca ejercer alguno de los derechos (ARCO) se\u00f1alados anteriormente y cualquier otro elemento que facilite la identificaci\u00f3n de los Datos Personales.<\/li><li>La solicitud deber\u00e1 presentarse por escrito en el domicilio del\u00a0<strong>Responsable<\/strong>\u00a0o v\u00eda correo electr\u00f3nico a la siguiente direcci\u00f3n\u00a0<span style=\"color: #0000ff;\"><a style=\"color: #0000ff;\" href=\"mailto:jurdico.prospectiva@prospectiva.com.mx\">prospectiva@prospectiva.com.mx<\/a><\/span>. La solicitud del\u00a0<strong>Titular<\/strong>\u00a0ser\u00e1 atendida por el departamento de datos personales del\u00a0<strong>Responsable<\/strong>, el cual deber\u00e1 dar contestaci\u00f3n en un t\u00e9rmino de 20 (veinte) d\u00edas h\u00e1biles contados a partir de la fecha de presentaci\u00f3n de la solicitud.<\/li><li>En los casos en los que el\u00a0<strong>Titular<\/strong>\u00a0ejercite su derecho de acceso a la informaci\u00f3n, el\u00a0<strong>Responsable<\/strong>\u00a0dar\u00e1 cumplimiento poniendo a disposici\u00f3n del\u00a0<strong>Titular<\/strong>\u00a0los Datos Personales, expidiendo copias simples, documentos electr\u00f3nicos o cualquier otro medio que permita al\u00a0<strong>Titular<\/strong>\u00a0acceder a sus datos personales.<\/li><li>Si el\u00a0<strong>Titular<\/strong>\u00a0tiene alg\u00fan comentario o considera que sus Datos Personales han sufrido alg\u00fan tipo de vulneraci\u00f3n, puede contar al\u00a0<strong>Responsable<\/strong>\u00a0enviando un correo electr\u00f3nico a\u00a0<a href=\"mailto:juridico.prospectiva@prospectiva.com.mx\">prospectiva@prospectiva.com.mx<\/a>.<\/li><\/ul><p><strong>Uso de Cookies, Web Beacons y otras tecnolog\u00edas:<\/strong><\/p><p>Las cookies son peque\u00f1os archivos de texto que, los sitios web visitados, colocan en el equipo de c\u00f3mputo. Se utilizan de forma generalizada para que los sitios web funcionen de manera m\u00e1s eficiente, as\u00ed como para proporcionar informaci\u00f3n a los propietarios del sitio y sus usuarios. Las cookies se utilizan para mejorar el uso y la funcionalidad de los sitios web y para comprender mejor el uso que hacen los visitantes a los sitios web y de las herramientas y servicios que se ofrecen. El almacenamiento de las cookies en los equipos de c\u00f3mputo representa una forma sencilla y c\u00f3moda de personalizar o mejorar tu experiencia en los sitios web.<\/p><p><strong>Web Beacons\u00a0<\/strong>son im\u00e1genes visibles u ocultas insertadas dentro de un sitio web o correo electr\u00f3nico, los cuales, se utilizan para monitorear el comportamiento del usuario en estos medios. A trav\u00e9s de \u00e9stos se puede obtener informaci\u00f3n como la direcci\u00f3n IP de origen, navegador utilizado, sistema operativo, momento en que se accedi\u00f3 a la p\u00e1gina, y en el caso del correo electr\u00f3nico, la asociaci\u00f3n de los datos anteriores con el destinatario.<\/p><p>Derivado de lo anterior le informamos que\u00a0<strong>el Responsable<\/strong>\u00a0utiliza en su sitio de internet Cookies y\/o Web Beacons, a trav\u00e9s de estos mecanismos se recaban datos de manera autom\u00e1tica y simult\u00e1nea para monitorear su comportamiento como usuario de los servicios de internet.<\/p><p>As\u00ed mismo, le hacemos saber a usted que puede deshabilitar el uso de estos mecanismos siguiendo el procedimiento para desactivaci\u00f3n, establecido para su navegador de internet.<\/p><p><strong>Transferencia de Datos Personales:<\/strong><\/p><p>El\u00a0<strong>Responsable<\/strong>\u00a0manifiesta que los datos personales del\u00a0<strong>Titular<\/strong>\u00a0ser\u00e1n transferidos a terceros \u00fanicamente cuando: (i) el\u00a0<strong>Titular<\/strong>\u00a0otorgue su consentimiento, (ii) la transferencia sea necesaria para el cumplimiento de las prestaciones y obligaciones derivadas de la relaci\u00f3n laboral que mantiene con el\u00a0<strong>Titular<\/strong>; o bien, (iii) se actualice alguna de las excepciones previstas por el art\u00edculo 37 de la\u00a0<strong>Ley Federal de Protecci\u00f3n de Datos Personales en Posesi\u00f3n de los Particulares<\/strong>.<\/p><p>Las transferencias de informaci\u00f3n a sociedades controladoras, subsidiarias o afiliadas bajo el control com\u00fan del\u00a0<strong>Responsable<\/strong>, o a una sociedad matriz o a cualquier sociedad del mismo grupo del\u00a0<strong>Responsable<\/strong>\u00a0podr\u00e1n efectuarse sin el consentimiento del\u00a0<strong>Titular<\/strong>.<\/p><p>En cualquier caso,\u00a0<strong>el Responsable<\/strong>\u00a0comunicar\u00e1 a los receptores, el presente Aviso de Privacidad, con el fin de asegurar que su informaci\u00f3n se utilice en los t\u00e9rminos del mismo.<\/p><p><strong>Cambios al Aviso de Privacidad:<\/strong><\/p><p>Las actualizaciones al presente Aviso de Privacidad, ser\u00e1n notificadas a trav\u00e9s de:<\/p><ol><li>Correo electr\u00f3nico<\/li><li>Sitio de internet<\/li><\/ol><p><strong>Contact<\/strong><strong>o &#8211; M\u00e9xico<\/strong><\/p><p>Aureliano Rivera #17, Oficina 101, Ermita Tizap\u00e1n, \u00c1lvaro Obreg\u00f3n, C.P. 01089, CDMX<\/p><p>Tel: +52 (55) 5536-0626<\/p><p>marketing@prospectiva.com.mx<\/p><p><strong>Brasil\u00a0<\/strong><\/p><p>+52 (55) 5536-0626<\/p><p>contato@prospectiva.com.mx<\/p>\t\t\t\t\t\t\t\t<\/div>\n\t\t\t\t<\/div>\n\t\t\t\t\t<\/div>\n\t\t<\/div>\n\t\t\t\t\t<\/div>\n\t\t<\/section>\n\t\t\t\t<\/div>\n\t\t","protected":false},"excerpt":{"rendered":"<p>Prospectiva en Tecnolog\u00eda AVISO DE PRIVACIDAD INTEGRAL Prospectiva en Tecnolog\u00eda e Integradora de Sistemas, S.A. de C.V.,\u00a0(el Responsable)\u00a0se compromete con la protecci\u00f3n de sus Datos Personales asumiendo la responsabilidad del uso, manejo, almacenamiento y confidencialidad de la informaci\u00f3n de acuerdo a lo establecido en la\u00a0Ley Federal de Protecci\u00f3n de Datos Personales en Posesi\u00f3n de los [&hellip;]<\/p>\n","protected":false},"author":5,"featured_media":0,"parent":0,"menu_order":0,"comment_status":"closed","ping_status":"closed","template":"elementor_header_footer","meta":{"footnotes":""},"class_list":["post-6138","page","type-page","status-publish","hentry"],"_links":{"self":[{"href":"https:\/\/www.prospectiva.com.mx\/index.php?rest_route=\/wp\/v2\/pages\/6138","targetHints":{"allow":["GET"]}}],"collection":[{"href":"https:\/\/www.prospectiva.com.mx\/index.php?rest_route=\/wp\/v2\/pages"}],"about":[{"href":"https:\/\/www.prospectiva.com.mx\/index.php?rest_route=\/wp\/v2\/types\/page"}],"author":[{"embeddable":true,"href":"https:\/\/www.prospectiva.com.mx\/index.php?rest_route=\/wp\/v2\/users\/5"}],"replies":[{"embeddable":true,"href":"https:\/\/www.prospectiva.com.mx\/index.php?rest_route=%2Fwp%2Fv2%2Fcomments&post=6138"}],"version-history":[{"count":12,"href":"https:\/\/www.prospectiva.com.mx\/index.php?rest_route=\/wp\/v2\/pages\/6138\/revisions"}],"predecessor-version":[{"id":12303,"href":"https:\/\/www.prospectiva.com.mx\/index.php?rest_route=\/wp\/v2\/pages\/6138\/revisions\/12303"}],"wp:attachment":[{"href":"https:\/\/www.prospectiva.com.mx\/index.php?rest_route=%2Fwp%2Fv2%2Fmedia&parent=6138"}],"curies":[{"name":"wp","href":"https:\/\/api.w.org\/{rel}","templated":true}]}}

Política de Privacidad México

<div data-elementor-type="wp-page" data-elementor-id="6138" class="elementor elementor-6138" data-elementor-post-type="page">
						<section class="elementor-section elementor-top-section elementor-element elementor-element-34220073 elementor-section-content-middle elementor-section-boxed elementor-section-height-default elementor-section-height-default" data-id="34220073" data-element_type="section" data-e-type="section" data-settings="{&quot;background_background&quot;:&quot;classic&quot;}">
						<div class="elementor-container elementor-column-gap-no">
					<div class="elementor-column elementor-col-50 elementor-top-column elementor-element elementor-element-fb5ef2b" data-id="fb5ef2b" data-element_type="column" data-e-type="column">
			<div class="elementor-widget-wrap elementor-element-populated">
						<div class="elementor-element elementor-element-37eb86f3 elementor-widget-divider--view-line elementor-widget elementor-widget-divider" data-id="37eb86f3" data-element_type="widget" data-e-type="widget" data-widget_type="divider.default">
				<div class="elementor-widget-container">
							<div class="elementor-divider">
			<span class="elementor-divider-separator">
						</span>
		</div>
						</div>
				</div>
					</div>
		</div>
				<div class="elementor-column elementor-col-50 elementor-top-column elementor-element elementor-element-795e9a1d" data-id="795e9a1d" data-element_type="column" data-e-type="column">
			<div class="elementor-widget-wrap elementor-element-populated">
						<div class="elementor-element elementor-element-73829ff2 elementor-widget elementor-widget-heading" data-id="73829ff2" data-element_type="widget" data-e-type="widget" data-widget_type="heading.default">
				<div class="elementor-widget-container">
					<h5 class="elementor-heading-title elementor-size-default">Prospectiva en Tecnología  </h5>				</div>
				</div>
				<div class="elementor-element elementor-element-33b645a2 elementor-widget elementor-widget-heading" data-id="33b645a2" data-element_type="widget" data-e-type="widget" data-widget_type="heading.default">
				<div class="elementor-widget-container">
					<h4 class="elementor-heading-title elementor-size-default">AVISO DE PRIVACIDAD INTEGRAL</h4>				</div>
				</div>
				<div class="elementor-element elementor-element-44ff2ee1 elementor-widget elementor-widget-text-editor" data-id="44ff2ee1" data-element_type="widget" data-e-type="widget" data-widget_type="text-editor.default">
				<div class="elementor-widget-container">
									<p><strong>Prospectiva en Tecnología e Integradora de Sistemas, S.A. de C.V.,</strong> <strong>(el Responsable) </strong>se compromete con la protección de sus Datos Personales asumiendo la responsabilidad del uso, manejo, almacenamiento y confidencialidad de la información de acuerdo a lo establecido en la <strong>Ley Federal de Protección de Datos Personales en Posesión de los Particulares </strong>(<strong>en adelante LFPDPPP</strong>) y con el fin de darle a conocer la información relativa a las características principales del tratamiento al que serán sometidos sus Datos Personales, emite el presente <strong>Aviso de Privacidad, </strong>mismo que se pone a disposición de cualquier persona <strong>(el Titular)</strong> respecto de la cual recabe Datos Personales a través de los diversos canales que en adelante se enunciaran.</p><p>El<strong> Responsable</strong> manifiesta que cuenta con las medidas de seguridad administrativas, físicas y técnicas necesarias para garantizar la protección de los Datos Personales del <strong>Titular</strong> contra cualquier vulneración en la seguridad y privacidad de los mismos</p><p><strong>La información personal proporcionada por el Titular será utilizada por el Responsable para las siguientes finalidades:</strong></p><ul><li>El cumplimiento de la relación contractual derivada de la solicitud y/o contratación de nuestros productos o servicios;</li><li>Verificar, confirmar y validar su identidad;</li><li>Administrar, operar y dar seguimiento a los servicios y productos que solicita o contrata con nosotros.</li><li>Elaboración de encuestas.</li></ul><p><strong>De forma adicional, el Titular utiliza su información para:</strong></p><ul><li>Comercializar productos y servicios del Titular.</li><li>Envío de ofertas, promociones y publicidad de nuestros productos y servicios.</li><li>Elaborar perfiles de clientes para el ofrecimiento de productos y servicios nuevos del <strong>Titular</strong>.</li></ul><p>Si bien estas finalidades no son necesarias para la prestación de los servicios y productos que solicita o contrata con nosotros, las mismas nos permiten brindarle un mejor servicio y elevar la calidad.</p><p><strong>Para el cumplimiento de las finalidades previamente establecidas, el Titular da tratamiento a los siguientes Datos Personales de Personas Físicas y Personas Morales según corresponda:</strong></p><ol><li>Datos de identificación.</li><li>Datos de Contacto.</li><li>Datos Patrimoniales</li><li>Datos Financieros.</li><li>Datos Laborales.</li><li>Datos Académicos.</li><li>Datos Migratorios.</li><li>Logotipos.</li></ol><p><strong>Adicionalmente se da tratamiento a los siguientes Datos Sensibles:</strong></p><ol><li>Datos biométricos.</li><li>Datos de menores de edad.</li><li>Datos de personas con capacidades diferentes.</li></ol><p><strong>Derechos ARCO</strong></p><p>Usted tiene derecho a conocer qué datos personales tenemos de usted, para qué los utilizamos y las condiciones del uso que les damos (Acceso), es su derecho solicitar la corrección de su información personal en caso de que esté desactualizada, inexacta o incompleta (Rectificación), que la eliminemos de nuestros registros o bases de datos cuando considere que la misma no está utilizada adecuadamente (Cancelación), así como de oponerse al uso de sus daos personales para fines específicos (Oposición). Estos derechos se conocen como derechos ARCO.</p><p>El procedimiento para ejercer los derechos ARCO es el que se describirá en los párrafos subsecuentes.</p><p><strong>Opciones y medios que el Titular ofrece para limitar el uso o divulgación de sus Datos Personales:</strong></p><ul><li>El <strong>Titular</strong> deberá presentar la solicitud respectiva, la cual deberá contener nombre o razón social, según corresponda, y domicilio del <strong>Titular</strong>; documento que acredite la identidad del <strong>Titular</strong> o los documentos que acrediten la representación del mismo; una descripción clara y precisa de los datos personales respecto de los cuales busca ejercer alguno de los derechos (ARCO) señalados anteriormente y cualquier otro elemento que facilite la identificación de los Datos Personales.</li><li>La solicitud deberá presentarse por escrito en el domicilio del <strong>Responsable</strong> o vía correo electrónico a la siguiente dirección <span style="color: #0000ff;"><a style="color: #0000ff;" href="mailto:jurdico.prospectiva@prospectiva.com.mx">prospectiva@prospectiva.com.mx</a></span>. La solicitud del <strong>Titular</strong> será atendida por el departamento de datos personales del <strong>Responsable</strong>, el cual deberá dar contestación en un término de 20 (veinte) días hábiles contados a partir de la fecha de presentación de la solicitud.</li><li>En los casos en los que el <strong>Titular</strong> ejercite su derecho de acceso a la información, el <strong>Responsable</strong> dará cumplimiento poniendo a disposición del <strong>Titular</strong> los Datos Personales, expidiendo copias simples, documentos electrónicos o cualquier otro medio que permita al <strong>Titular</strong> acceder a sus datos personales.</li><li>Si el <strong>Titular</strong> tiene algún comentario o considera que sus Datos Personales han sufrido algún tipo de vulneración, puede contar al <strong>Responsable</strong> enviando un correo electrónico a <a href="mailto:juridico.prospectiva@prospectiva.com.mx">prospectiva@prospectiva.com.mx</a>.</li></ul><p><strong>Uso de Cookies, Web Beacons y otras tecnologías:</strong></p><p>Las cookies son pequeños archivos de texto que, los sitios web visitados, colocan en el equipo de cómputo. Se utilizan de forma generalizada para que los sitios web funcionen de manera más eficiente, así como para proporcionar información a los propietarios del sitio y sus usuarios. Las cookies se utilizan para mejorar el uso y la funcionalidad de los sitios web y para comprender mejor el uso que hacen los visitantes a los sitios web y de las herramientas y servicios que se ofrecen. El almacenamiento de las cookies en los equipos de cómputo representa una forma sencilla y cómoda de personalizar o mejorar tu experiencia en los sitios web.</p><p><strong>Web Beacons </strong>son imágenes visibles u ocultas insertadas dentro de un sitio web o correo electrónico, los cuales, se utilizan para monitorear el comportamiento del usuario en estos medios. A través de éstos se puede obtener información como la dirección IP de origen, navegador utilizado, sistema operativo, momento en que se accedió a la página, y en el caso del correo electrónico, la asociación de los datos anteriores con el destinatario.</p><p>Derivado de lo anterior le informamos que <strong>el Responsable</strong> utiliza en su sitio de internet Cookies y/o Web Beacons, a través de estos mecanismos se recaban datos de manera automática y simultánea para monitorear su comportamiento como usuario de los servicios de internet.</p><p>Así mismo, le hacemos saber a usted que puede deshabilitar el uso de estos mecanismos siguiendo el procedimiento para desactivación, establecido para su navegador de internet.</p><p><strong>Transferencia de Datos Personales:</strong></p><p>El <strong>Responsable</strong> manifiesta que los datos personales del <strong>Titular</strong> serán transferidos a terceros únicamente cuando: (i) el <strong>Titular</strong> otorgue su consentimiento, (ii) la transferencia sea necesaria para el cumplimiento de las prestaciones y obligaciones derivadas de la relación laboral que mantiene con el <strong>Titular</strong>; o bien, (iii) se actualice alguna de las excepciones previstas por el artículo 37 de la <strong>Ley Federal de Protección de Datos Personales en Posesión de los Particulares</strong>.</p><p>Las transferencias de información a sociedades controladoras, subsidiarias o afiliadas bajo el control común del <strong>Responsable</strong>, o a una sociedad matriz o a cualquier sociedad del mismo grupo del <strong>Responsable</strong> podrán efectuarse sin el consentimiento del <strong>Titular</strong>.</p><p>En cualquier caso, <strong>el Responsable</strong> comunicará a los receptores, el presente Aviso de Privacidad, con el fin de asegurar que su información se utilice en los términos del mismo.</p><p><strong>Cambios al Aviso de Privacidad:</strong></p><p>Las actualizaciones al presente Aviso de Privacidad, serán notificadas a través de:</p><ol><li>Correo electrónico</li><li>Sitio de internet</li></ol><p><strong>Contact</strong><strong>o &#8211; México</strong></p><p>Aureliano Rivera #17, Oficina 101, Ermita Tizapán, Álvaro Obregón, C.P. 01089, CDMX</p><p>Tel: +52 (55) 5536-0626</p><p>marketing@prospectiva.com.mx</p><p><strong>Brasil </strong></p><p>+52 (55) 5536-0626</p><p>contato@prospectiva.com.mx</p>								</div>
				</div>
					</div>
		</div>
					</div>
		</section>
				</div>

<p>Prospectiva en Tecnología AVISO DE PRIVACIDAD INTEGRAL Prospectiva en Tecnología e Integradora de Sistemas, S.A. de C.V., (el Responsable) se compromete con la protección de sus Datos Personales asumiendo la responsabilidad del uso, manejo, almacenamiento y confidencialidad de la información de acuerdo a lo establecido en la Ley Federal de Protección de Datos Personales en Posesión de los [&hellip;]</p>
